353 + -94?
-14a427
In base 8, what is -41322746 - -57?
-41322667
In base 8, what is -3412330 + 5?
-3412323
In base 10, what is -12 + -1839793?
-1839805
In base 8, what is -11020065 - 140?
-11020225
In base 4, what is 131 - -11032201031?
11032201222
In base 13, what is -2c6a0 + -245?
-2c915
In base 9, what is -1045411 + 18?
-1045382
In base 2, what is 10011101111001010 - -101010110?
10011110100100000
In base 8, what is 467055 + 531?
467606
In base 9, what is -1478 - -35683?
34204
In base 8, what is -13 - -72652?
72637
In base 7, what is 452525 + -2340?
450155
In base 13, what is 5c5552 + -c?
5c5543
In base 11, what is -1383302a - 2?
-13833031
In base 13, what is -2878912 - -5?
-287890a
In base 3, what is -10101002212202 - -10?
-10101002212122
In base 13, what is -240 + -ca41?
-cc81
In base 2, what is -10011101 - -1101010010110011100010?
1101010010110001000101
In base 8, what is -357124 + 655?
-356247
In base 13, what is 2c5 + -7271?
-6c79
In base 6, what is 320444003 - 42?
320443521
In base 10, what is 1849 - 110188?
-108339
In base 14, what is -5 - 188023b?
-1880242
In base 12, what is a0233b64 + 5?
a0233b69
In base 14, what is -16b92094 + 5?
-16b9208d
In base 8, what is -460766361 - -4?
-460766355
In base 6, what is -52504 - -212224?
115320
In base 4, what is -13101122 + 1023322?
-12011200
In base 12, what is 4354 + 743?
4a97
In base 10, what is 53730 - 875?
52855
In base 9, what is 7337478 - -4?
7337483
In base 15, what is -dbc00 + -1?
-dbc01
In base 16, what is 3 + d1fbd6?
d1fbd9
In base 7, what is 223 + 2524622?
2525145
In base 3, what is -2210100220 - 111112102?
-10021220022
In base 12, what is 24 - -4599403?
4599427
In base 13, what is -15 + 53345?
53330
In base 2, what is 10101000110011100 - -100000?
10101000110111100
In base 6, what is -201 + 224533503?
224533302
In base 4, what is -2303 - -10110132?
10101223
In base 14, what is 295b3d + -1?
295b3c
In base 4, what is -123 - 3213112203?
-3213112332
In base 3, what is 100 - -100120111000?
100120111100
In base 5, what is -243 + -1031422?
-1032220
In base 5, what is -40 + -4440400334?
-4440400424
In base 6, what is -121415422 - 10?
-121415432
In base 15, what is 13 - -27755?
27768
In base 11, what is 1532 + -112a4?
-a872
In base 4, what is 2100022000 - -23?
2100022023
In base 15, what is -15c3a88 + -8?
-15c3a91
In base 6, what is -210235 + -4032?
-214311
In base 2, what is -1000010000100000111110 + -1100?
-1000010000100001001010
In base 7, what is -336166314 - 2?
-336166316
In base 10, what is -17059801 - -6?
-17059795
In base 10, what is -7323 + -50191?
-57514
In base 3, what is 11110022011001 + -101200?
11110021202101
In base 7, what is 3 + 326140611?
326140614
In base 14, what is -14 - 2285d3?
-228607
In base 8, what is 13 + -3675776?
-3675763
In base 3, what is -201020001020201 - -120?
-201020001020011
In base 6, what is -300144533 - 135?
-300145112
In base 7, what is -101 - -32254402?
32254301
In base 8, what is 2 - 620372217?
-620372215
In base 3, what is -122 - 110011002112?
-110011010011
In base 6, what is 5442320114 - 0?
5442320114
In base 7, what is -212350624 - -1?
-212350623
In base 12, what is -5494a7 - -62?
-549445
In base 4, what is -1023 - -301002132?
301001103
In base 16, what is -45178d + 3?
-45178a
In base 15, what is 5e0 + 1226?
1816
In base 11, what is 92 - -14a879?
14a960
In base 4, what is -30221103 - 2213331?
-33101100
In base 6, what is 5 + 531112243?
531112252
In base 12, what is 365a96 - 72?
365a24
In base 3, what is 221121012012 - -10001?
221121022020
In base 6, what is 135012 - 31110?
103502
In base 13, what is 101 - 1202?
-1101
In base 4, what is 2103021 + -230233?
1212122
In base 5, what is 311021022332 - 10?
311021022322
In base 7, what is -306521201 - -1?
-306521200
In base 6, what is -115314432 - 3?
-115314435
In base 10, what is 20241 + -5?
20236
In base 14, what is 554b0d + -59?
554a94
In base 16, what is ed - -19f07b?
19f168
In base 13, what is 3200b + 65?
32073
In base 3, what is -100 - -12020210010201?
12020210010101
In base 13, what is -aa94 + -2c42?
-10a06
In base 3, what is -1201 + 20000102100?
20000100122
In base 2, what is -1000111100101 + 110111001?
-1000000101100
In base 3, what is 1102101 - 2110120211020?
-2110112101212
In base 5, what is 0 + 303313430?
303313430
In base 12, what is 185a2614 - 3?
185a2611
In base 4, what is -110201032 - -232?
-110200200
In base 7, what is -5143535 + -1?
-5143536
In base 14, what is -1bbb2403 - -1?
-1bbb2402
In base 5, what is 111232340042 + -2?
111232340040
In base 2, what is -11 + -11011101110110011010?
-11011101110110011101
In base 5, what is -12013431234 + 2?
-12013431232
In base 11, what is -6a8a0073 + -1?
-6a8a0074
In base 4, what is -102003 + -102301?
-210310
In base 9, what is 167 - -65326?
65504
In base 7, what is 24 + 24511513?
24511540
In base 6, what is 313224015 - 13?
313224002
In base 4, what is 12102312102 + 1002?
12102313110
In base 11, what is 10a715639 + -4?
10a715635
In base 10, what is 2 - 2392159?
-2392157
In base 12, what is 2 - 16586b49?
-16586b47
In base 15, what is 6228 - -17c?
63a5
In base 4, what is 13 + -11111300231?
-11111300212
In base 8, what is -23646465 + -4?
-23646471
In base 14, what is -8 - 19b7dd?
-19b807
In base 5, what is 142301030 - -132?
142301212
In base 10, what is 20978 + 3996?
24974
In base 14, what is -4a1 - 18a40?
-19101
In base 6, what is 31 - -54303540?
54304011
In base 3, what is 221112120020001 - 11?
221112120012220
In base 6, what is 5 - 20102351013?
-20102351004
In base 10, what is -4 - -3561096?
3561092
In base 15, what is -2260 - 123?
-2383
In base 11, what is 5352388 - 18?
5352370
In base 6, what is -52411534 + 5?
-52411525
In base 11, what is -5 - 968545?
-96854a
In base 3, what is 2020012110 - 10121102?
2002121001
In base 5, what is -334013 - 34213?
-423231
In base 12, what is -2b96826 + -4?
-2b9682a
In base 3, what is -1211211201 - -120022100?
-1021112101
In base 4, what is 321221201110 + -11?
321221201033
In base 11, what is -303a83 - -467?
-303617
In base 3, what is -2202200102011000 - -10?
-2202200102010220
In base 10, what is -551 + -11305?
-11856
In base 10, what is 1 + 51062462?
51062463
In base 15, what is 21798c4 - -2d?
2179902
In base 12, what is -179 - 56838?
-569b5
In base 2, what is 100000011100111 - 1111010110000?
10001000110111
In base 7, what is 61651361136 + 2?
61651361141
In base 12, what is 22a78 - -136?
22bb2
In base 4, what is 133003013100201 + -10?
133003013100131
In base 13, what is 5 - -2ab52c8?
2ab5300
In base 9, what is 6 + 80325587?
80325604
In base 16, what is -568 + -9729?
-9c91
In base 2, what is -1110 + 1011101011111000010111?
1011101011111000001001
In base 12, what is 10b71b57 + 1?
10b71b58
In base 8, what is 103327 - -2762?
106311
In base 8, what is -164646556 - 20?
-164646576
In base 13, what is -219c + 43a0?
2201
In base 13, what is 4c851b - 28?
4c84c3
In base 6, what is 0 - 3211510?
-3211510
In base 9, what is 277530 + 2075?
280615
In base 9, what is 103021 + 216?
103237
In base 3, what is 2121021221110 - -2?
2121021221112
In base 4, what is -10 - 3110022112010?
-3110022112020
In base 7, what is 5 + -11352616?
-11352611
In base 4, what is -110220 - -33322020?
33211200
In base 2, what is -100 - 10111100000000110111000?
-10111100000000110111100
In base 8, what is 105 + -1160024?
-1157717
In base 15, what is 9715e - -1e?
9717d
In base 7, what is 2 + 141534352?
141534354
In base 8, what is 26606 - -5602?
34410
In base 10, what is -22731599 - -32?
-22731567
In base 4, what is 302 - -32323332331?
32323333233
In base 4, what is -3 + -1312301233?
-1312301302
In base 10, what is -37322 + -2503?
-39825
In base 4, what is -20132 - -203120301?
203100103
In base 8, what is 64502 - 123515?
-37013
In base 14, what is 9641937 - 5?
9641932
In base 11, what is -14a - -37614?
37475
In base 11, what is -27a438 + -1?
-27a439
In base 12, what is 26b78 - -30a?
27286
In base 9, what is -168 - 2351351?
-2351530
In base 14, what is 3 + 386479?
38647c
In base 13, what is -3242b - b1?
-3250c
In base 10, what is -414 + 64785?
64371
In base 9, what is 1 - 874625?
-874624
In base 10, what is 7999125 + -5?
7999120
In base 10, what is -41279283 + 9?
-41279274
In base 12, what is 377a3 + -724?
3707b
In base 7, what is 24642324 - 416?
24641605
In b